{"id":2,"date":"2018-11-03T00:33:59","date_gmt":"2018-11-03T02:33:59","guid":{"rendered":"http:\/\/rgd.adv.br\/?page_id=2"},"modified":"2018-11-08T23:51:12","modified_gmt":"2018-11-09T01:51:12","slug":"planejamento-patrimonial-sucessorio","status":"publish","type":"page","link":"https:\/\/rgd.adv.br\/index.php\/planejamento-patrimonial-sucessorio\/","title":{"rendered":"Planejamento Patrimonial e Sucess\u00f3rio"},"content":{"rendered":"<div class=\"content-left-wrap col-md-9\">\n<div id=\"primary\" class=\"content-area\">\n<article id=\"post-51\" class=\"post-51 page type-page status-publish hentry\">\n<div class=\"entry-content\">\n<p><span lang=\"PT-BR\">Assessoria para an\u00e1lise patrimonial e geneal\u00f3gica da fam\u00edlia com objetivo de criar estruturas para proporcionar maior seguran\u00e7a e equil\u00edbrio \u00e0 partilha do patrim\u00f4nio familiar, de acordo com os interesses e peculiaridades dos familiares.<\/span><\/p>\n<p><span lang=\"PT-BR\">O Planejamento considera todos os aspectos legais e fiscais relacionados ao patrim\u00f4nio familiar e sua transmiss\u00e3o a futuras gera\u00e7\u00f5es, garantindo a minimiza\u00e7\u00e3o de perdas financeiras e de lit\u00edgios familiares decorrentes da sucess\u00e3o do patrim\u00f4nio.<\/span><\/p>\n<p>&nbsp;<\/p>\n<\/div>\n<\/article>\n<\/div>\n<\/div>\n","protected":false},"excerpt":{"rendered":"<p>Assessoria para an\u00e1lise patrimonial e geneal\u00f3gica da fam\u00edlia com objetivo de criar estruturas para proporcionar maior seguran\u00e7a e equil\u00edbrio \u00e0 partilha do patrim\u00f4nio familiar, de acordo com os interesses e peculiaridades dos familiares. O Planejamento considera todos os aspectos legais e fiscais relacionados ao patrim\u00f4nio familiar e sua transmiss\u00e3o a futuras gera\u00e7\u00f5es, garantindo a minimiza\u00e7\u00e3o<a class=\"read-more\" href=\"https:\/\/rgd.adv.br\/index.php\/planejamento-patrimonial-sucessorio\/\"><br \/>-> Continue reading<span class=\"screen-reader-text\">  Planejamento Patrimonial e Sucess\u00f3rio<\/span><\/a><\/p>\n","protected":false},"author":1,"featured_media":0,"parent":0,"menu_order":0,"comment_status":"closed","ping_status":"open","template":"template-fullwidth.php","meta":{"footnotes":""},"_links":{"self":[{"href":"https:\/\/rgd.adv.br\/index.php\/wp-json\/wp\/v2\/pages\/2"}],"collection":[{"href":"https:\/\/rgd.adv.br\/index.php\/wp-json\/wp\/v2\/pages"}],"about":[{"href":"https:\/\/rgd.adv.br\/index.php\/wp-json\/wp\/v2\/types\/page"}],"author":[{"embeddable":true,"href":"https:\/\/rgd.adv.br\/index.php\/wp-json\/wp\/v2\/users\/1"}],"replies":[{"embeddable":true,"href":"https:\/\/rgd.adv.br\/index.php\/wp-json\/wp\/v2\/comments?post=2"}],"version-history":[{"count":1,"href":"https:\/\/rgd.adv.br\/index.php\/wp-json\/wp\/v2\/pages\/2\/revisions"}],"predecessor-version":[{"id":124,"href":"https:\/\/rgd.adv.br\/index.php\/wp-json\/wp\/v2\/pages\/2\/revisions\/124"}],"wp:attachment":[{"href":"https:\/\/rgd.adv.br\/index.php\/wp-json\/wp\/v2\/media?parent=2"}],"curies":[{"name":"wp","href":"https:\/\/api.w.org\/{rel}","templated":true}]}}