{"id":138,"date":"2018-11-08T23:59:56","date_gmt":"2018-11-09T01:59:56","guid":{"rendered":"http:\/\/rgd.adv.br\/?page_id=138"},"modified":"2025-02-27T21:35:48","modified_gmt":"2025-02-28T00:35:48","slug":"nossa-equipe","status":"publish","type":"page","link":"https:\/\/rgd.adv.br\/index.php\/nossa-equipe\/","title":{"rendered":"Nossa Equipe"},"content":{"rendered":"<p>A equipe da RGD Advocacia e Consultoria Jur\u00eddica \u00e9 composta por profissionais de reconhecida atua\u00e7\u00e3o forense, dedica\u00e7\u00e3o e entusiasmo no exerc\u00edcio di\u00e1rio da advocacia.<\/p>\n<p>H\u00e1 um constante incentivo por parte do escrit\u00f3rio para que seus profissionais busquem sempre aprimoramento na profiss\u00e3o, aperfei\u00e7oando-se na busca \u00a0pela efici\u00eancia na presta\u00e7\u00e3o do servi\u00e7o jur\u00eddico, com \u00eanfase na especializa\u00e7\u00e3o em suas \u00e1reas de atua\u00e7\u00e3o.<\/p>\n<p>S\u00f3cia Fundadora:<\/p>\n<p class=\"dark-text red-border-bottom\"><strong>MORIANE PORTELLA GARCIA DIAS<\/strong><\/p>\n<p>S\u00f3cia Fundadora, inscrita na OAB-PR 41.380, formada em Direito pela Universidade Federal do Paran\u00e1, com especializa\u00e7\u00e3o em Direito de Fam\u00edlia e Sucess\u00f5es pela Escola Paulista de Direito, especializa\u00e7\u00e3o em Governan\u00e7a Corporativa e em Processo Civil pela Funda\u00e7\u00e3o Get\u00falio Vargas, formada pelo Programa de Desenvolvimento de Dirigentes da Funda\u00e7\u00e3o Dom Cabral. Possui ampla experi\u00eancia no consultivo e contencioso.<\/p>\n<p>E-mail: moriane.garcia@rgd.adv.br<\/p>\n","protected":false},"excerpt":{"rendered":"<p>A equipe da RGD Advocacia e Consultoria Jur\u00eddica \u00e9 composta por profissionais de reconhecida atua\u00e7\u00e3o forense, dedica\u00e7\u00e3o e entusiasmo no exerc\u00edcio di\u00e1rio da advocacia. H\u00e1 um constante incentivo por parte do escrit\u00f3rio para que seus profissionais busquem sempre aprimoramento na profiss\u00e3o, aperfei\u00e7oando-se na busca \u00a0pela efici\u00eancia na presta\u00e7\u00e3o do servi\u00e7o jur\u00eddico, com \u00eanfase na especializa\u00e7\u00e3o<a class=\"read-more\" href=\"https:\/\/rgd.adv.br\/index.php\/nossa-equipe\/\"><br \/>-> Continue reading<span class=\"screen-reader-text\">  Nossa Equipe<\/span><\/a><\/p>\n","protected":false},"author":1,"featured_media":0,"parent":0,"menu_order":0,"comment_status":"closed","ping_status":"closed","template":"template-fullwidth.php","meta":{"footnotes":""},"_links":{"self":[{"href":"https:\/\/rgd.adv.br\/index.php\/wp-json\/wp\/v2\/pages\/138"}],"collection":[{"href":"https:\/\/rgd.adv.br\/index.php\/wp-json\/wp\/v2\/pages"}],"about":[{"href":"https:\/\/rgd.adv.br\/index.php\/wp-json\/wp\/v2\/types\/page"}],"author":[{"embeddable":true,"href":"https:\/\/rgd.adv.br\/index.php\/wp-json\/wp\/v2\/users\/1"}],"replies":[{"embeddable":true,"href":"https:\/\/rgd.adv.br\/index.php\/wp-json\/wp\/v2\/comments?post=138"}],"version-history":[{"count":7,"href":"https:\/\/rgd.adv.br\/index.php\/wp-json\/wp\/v2\/pages\/138\/revisions"}],"predecessor-version":[{"id":348,"href":"https:\/\/rgd.adv.br\/index.php\/wp-json\/wp\/v2\/pages\/138\/revisions\/348"}],"wp:attachment":[{"href":"https:\/\/rgd.adv.br\/index.php\/wp-json\/wp\/v2\/media?parent=138"}],"curies":[{"name":"wp","href":"https:\/\/api.w.org\/{rel}","templated":true}]}}

<p>A equipe da RGD Advocacia e Consultoria Jurídica é composta por profissionais de reconhecida atuação forense, dedicação e entusiasmo no exercício diário da advocacia.</p>
<p>Há um constante incentivo por parte do escritório para que seus profissionais busquem sempre aprimoramento na profissão, aperfeiçoando-se na busca  pela eficiência na prestação do serviço jurídico, com ênfase na especialização em suas áreas de atuação.</p>
<p>Sócia Fundadora:</p>
<p class="dark-text red-border-bottom"><strong>MORIANE PORTELLA GARCIA DIAS</strong></p>
<p>Sócia Fundadora, inscrita na OAB-PR 41.380, formada em Direito pela Universidade Federal do Paraná, com especialização em Direito de Família e Sucessões pela Escola Paulista de Direito, especialização em Governança Corporativa e em Processo Civil pela Fundação Getúlio Vargas, formada pelo Programa de Desenvolvimento de Dirigentes da Fundação Dom Cabral. Possui ampla experiência no consultivo e contencioso.</p>
<p>E-mail: moriane.garcia@rgd.adv.br</p>

<p>A equipe da RGD Advocacia e Consultoria Jurídica é composta por profissionais de reconhecida atuação forense, dedicação e entusiasmo no exercício diário da advocacia. Há um constante incentivo por parte do escritório para que seus profissionais busquem sempre aprimoramento na profissão, aperfeiçoando-se na busca  pela eficiência na prestação do serviço jurídico, com ênfase na especialização<a class="read-more" href="https://rgd.adv.br/index.php/nossa-equipe/"><br />-> Continue reading<span class="screen-reader-text">  Nossa Equipe</span></a></p>
